
3
Let q = 39 + 110. Let k = q - 94. What are the prime factors of k?
5, 11
Let y(r) = -2*r + 12. Let b(l) = -27. Let w(d) = d + 55. Let t(f) = -7*b(f) - 3*w(f). Let m(p) = 4*t(p) - 9*y(p). What are the prime factors of m(5)?
2, 3
Let v be (6/(-5))/((-6)/20). Let a(g) = 3*g**2 - 2*g - 3. Let l be a(-1). Suppose -114 = -5*t + 5*o - l*o, 0 = v*t - o - 87. List the prime factors of t.
3, 7
Let w = 1786 - 648. What are the prime factors of w?
2, 569
Let r be (-2)/(-8) + -5 + 44/16. List the prime factors of (((-36)/15)/r)/(2/70).
2, 3, 7
Let j be (-246)/(-8) - 4/(-16). Suppose 133 + 50 = 3*q. Let d = q - j. List the prime factors of d.
2, 3, 5
Let m = -139 + 1445. List the prime factors of m.
2, 653
Let d = -908 - -2037. What are the prime factors of d?
1129
Suppose -q + 1 = -2. Suppose -1186 = -4*j + 2*t, 0 = -q*j - 2*j + 4*t + 1484. List the prime factors of (j/(-24))/(1/(-3)).
37
Let h be (5/((-60)/424))/((-2)/(-6)). Let r = 208 + h. List the prime factors of r.
2, 3, 17
Let y be -10*(-18)/(-45) + -4. Let p be 0 + (-3)/((-6)/(-64)). List the prime factors of y/p + 183/4.
2, 23
Let z be ((-1)/(2/1))/(1/(-44)). What are the prime factors of (-898)/(-10) - (2 + z/(-10))?
2, 3, 5
Let a(c) = 26*c**2 + 42*c - 62. Let b(k) = 9*k**2 + 14*k - 21. Let o(y) = 6*a(y) - 17*b(y). List the prime factors of o(-7).
2, 17
Let y(u) = 19*u + 4. Let o be y(4). Suppose 17*z - 16*z - o = 0. What are the prime factors of z?
2, 5
Let m be 72/(-56) - 4/(-14). Let b = m + 12. What are the prime factors of b?
11
List the prime factors of 17/((-255)/(-26430)) - (-5 + -1).
2, 13, 17
Let z(d) = d**2 + 12*d - 30. Let b be z(-17). Suppose 0 = o - 267 + b. List the prime factors of o.
2, 53
What are the prime factors of (-2 - -1)*(-488)/(-3 - -5)?
2, 61
Let x(c) = -27*c - 41. Let b(k) = 40*k + 61. Let d(v) = -5*b(v) - 7*x(v). List the prime factors of d(-8).
2, 5, 7
Let l(o) = -o**2 - 5*o + 3. Let j(b) = -2*b**2 - b + 2. Suppose 5 = 5*i + 3*c, -4*i - i = -5*c + 35. Let y be j(i). What are the prime factors of l(y)?
7
Suppose -m - 4*z = 6 + 4, -3*z = 3*m + 3. Suppose m*g - 44 = -2*g. Suppose -g*n + 12*n - 27 = 0. List the prime factors of n.
3
Suppose -3*n = -t + 3*t - 3666, 3*n = t + 3657. What are the prime factors of n?
2, 5, 61
Suppose -71 = -19*b + 119. What are the prime factors of (-821)/(-7) - 1 - b/35?
2, 29
Let i = -4696 - -7720. List the prime factors of i.
2, 3, 7
Let c = -52 - -57. Let b = c + 32. What are the prime factors of b?
37
Let d = -1103 - -1664. What are the prime factors of d?
3, 11, 17
Suppose -3*w + 5*w = 4*t - 344, -w + 332 = 4*t. What are the prime factors of t?
2, 3, 7
Suppose -4*y + 3*t = t + 2, -y - 2*t + 7 = 0. List the prime factors of (-207)/(-18)*4*(y - -6).
2, 7, 23
Suppose j + 7 = 5*g, 5 - 12 = -2*g - j. Let p be -4 + (3 - 1) + 6. Suppose -f - g*f = 0, p*f + 27 = b. What are the prime factors of b?
3
Let r = 675 + 493. List the prime factors of r.
2, 73
List the prime factors of (-46)/(-345) - (-43526)/30.
1451
List the prime factors of (-27)/(1*(308/(-76) - -4)).
3, 19
Let u = 3 - 0. Suppose u*b - w = 64, 4*w + 95 = -b + 6*b. What are the prime factors of b?
23
Let p(i) = -240*i - 3. List the prime factors of p(-2).
3, 53
Let b(o) = 28*o + 126. List the prime factors of b(2).
2, 7, 13
Let f = -60 + 58. What are the prime factors of 69 - (-5 + 2 - f)*2?
71
Suppose 3*z - 2*c = -0*z + 59, -z + 2*c + 17 = 0. Let f be ((-2)/(-8))/((-1)/(-4)). Let l = z + f. What are the prime factors of l?
2, 11
Suppose 2 + 0 = n, -2*m + 6 = -4*n. Suppose 0 = 5*c - 22 + m. Suppose 3*u - c*h = 33, u + h + 4*h = 23. List the prime factors of u.
13
Suppose 3*d = -0*d + 2*n - 95, -d - 31 = -n. Let h = d - -35. Suppose h*u = 2 + 50. List the prime factors of u.
2, 13
Let u(j) = 32*j + 1. Let n be u(-1). Let r = n - -26. Let o(h) = -8*h + 11. What are the prime factors of o(r)?
3, 17
Suppose -1 = -a + g, 4*g - 2*g - 10 = -a. Suppose a*z - 342 = 18. List the prime factors of z.
2, 3, 5
Let b = 31 - 25. Let l(i) = 6*i**2 - 12*i + 3. Let k(x) = -11*x**2 + 23*x - 5. Let w(r) = -4*k(r) - 7*l(r). What are the prime factors of w(b)?
23
Let k(l) = 69*l**2 - l + 2. Let a be (-1)/(-4 - (-6 - 12/(-4))). What are the prime factors of k(a)?
2, 5, 7
Suppose -18*h = -17*h - 5. Suppose -v = h*a - 1135, -4*a - a + 1135 = -v. What are the prime factors of a?
227
Let s be -1*5/5*(0 - -13). List the prime factors of (s/2)/(2/(-60)).
3, 5, 13
Let v(s) = 192*s + 4. What are the prime factors of v(3)?
2, 5, 29
Let z(m) = -6*m + 2. Let x be z(0). Suppose 5*h = s + 531, -3 = s - x. List the prime factors of h.
2, 53
Let l(x) = -x**2 + 28*x - 43. Let r = 93 + -68. What are the prime factors of l(r)?
2
Let j(n) = 11*n + 9. Let s be j(-3). Let w = 40 + s. List the prime factors of w.
2
Suppose 0 = 29*p - 21*p - 7768. What are the prime factors of p?
971
Let y(n) = 10*n**2 + 3*n + 14 + n - 2*n**2 + n**3. List the prime factors of y(-6).
2, 31
Let n = 9 - -19. Suppose 4*w = -3*d + n + 209, -5*w - 3*d + 297 = 0. List the prime factors of w.
2, 3, 5
Let d(s) = -2*s + 8. Let c be d(2). Suppose 0*v + 4*a = -v + 39, 0 = c*v - 4*a - 236. List the prime factors of v.
5, 11
Let g = -10 - -14. Suppose -4*k - 104 = -g*m, -k + 118 = -6*k - m. What are the prime factors of k/(-9)*(3 - -3)?
2
Let j(n) = 8*n - 5. Let m be j(-2). Let h = 23 + m. What are the prime factors of h?
2
Let j = 91 - -155. Let u be j/12 + 3/(-2). Suppose -5*y - 5*d + 36 = -u, 4*y - 5*d - 80 = 0. List the prime factors of y.
3, 5
Let n = 3458 - 2032. List the prime factors of n.
2, 23, 31
Suppose 3*g + 1 = 16. Suppose -5*s - 29 = -2*a, -s - 3 - 10 = -4*a. Suppose 5*k + 0*k = a*y + 160, -4*k + g*y + 128 = 0. What are the prime factors of k?
2
Suppose 0 = 3*b - 3. Let h = b + 56. Suppose -p + h = -0*p + 5*c, 0 = -p + 4*c + 66. List the prime factors of p.
2, 31
Let y(r) = 9*r**3 + 4*r**2 + 10*r + 1. Let d be y(-5). What are the prime factors of d/4*(-36)/54?
179
Let a(l) = -l**3 + 23*l**2 - l - 17. What are the prime factors of a(16)?
1759
Let x be (-32)/4*-1*(55 + -2). Suppose x = 3*a - 2*b, 0 = -0*b - b + 1. List the prime factors of a.
2, 71
Suppose 4*u - u = 9. Suppose -3*f + u*v = -114, -2*f = -6*f + v + 167. What are the prime factors of f?
43
Let r = -16 - -18. Suppose -15 = -2*t + 7. Suppose -r*h + 3*p = -19, 3*h - 27 = -5*p + t. List the prime factors of h.
11
Let l(j) = -3*j**3 - j**2 - 3*j - 2. Let o be l(-3). Suppose 5*v - 5*s - 320 = 0, 2*v - v + 2*s = o. List the prime factors of v.
3, 23
Suppose -p = 2*p + 168. Let w = -52 - p. List the prime factors of w.
2
Let o = 87 + -51. Let t = -16 + o. What are the prime factors of t?
2, 5
Let y(u) = 2*u + 1. Let c be y(2). Suppose -c*d + 134 = -646. Suppose 2*p - d = -p. What are the prime factors of p?
2, 13
Let n = 49 + -44. What are the prime factors of 2/(n + (-567)/114)?
2, 19
Let x = -409 + 1541. What are the prime factors of x?
2, 283
Suppose 146*s = 147*s - 973. List the prime factors of s.
7, 139
Suppose 5*t = 11 + 9. Suppose 3*z + t*z - 35 = 0. Suppose z*f + 2*i = 90, -3*f + 0*f + 2*i + 70 = 0. What are the prime factors of f?
2, 5
Let v(c) = -2*c**2 - 10*c + 3. Let z(i) = 3*i**2 + 20*i - 7. Let w(m) = 5*v(m) + 3*z(m). Let t be w(6). Suppose q - t = 9. What are the prime factors of q?
3
Let r(i) = 256*i + 93. List the prime factors of r(3).
3, 7, 41
Let q(l) = l + 17 - 6*l**2 + 103*l**3 + 18*l - 6*l - 104*l**3. What are the prime factors of q(-8)?
41
Let x(n) = n**3 + 7*n**2 - 9*n - 5. Let t be x(-8). Let y(j) = 5*j + j**3 - 3 + j**2 - 1 - 2*j**2. List the prime factors of y(t).
29
Suppose -28*z = -22*z - 3822. What are the prime factors of z?
7, 13
List the prime factors of 3*(-1 - -3*(-1240)/(-15)).
3, 13, 19
Let j(a) = 3*a + 12. Let o be j(-10). Let f = -14 - o. What are the prime factors of (3 + f/(-3))*33?
5, 11
Let s = 9 - 5. Suppose s*p - 70 = -10. Let t = p + -6. List the prime factors of t.
3
Suppose -4*c + 837 = 5*g - 855, -3*c = 5*g - 1694. What are the prime factors of g?
2, 5, 17
Suppose -7548 = 3*u - 837. Let t = u - -442. List the prime factors of (-4)/14 + t/(-35).
3, 17
Suppose 46 - 57 = -11*l. Suppose -5*o = 5*f - 5, -3*f + 2*f + 5*o = -1. What are the prime factors of l - (201/(-3) + f)?
67
Let r(q) = 166*q + 65. List the prime factors of r(4).
3
Let 